

{"id":1528,"date":"2021-06-08T12:10:25","date_gmt":"2021-06-08T10:10:25","guid":{"rendered":"http:\/\/www.zacasno.eu\/lisac-shop\/?post_type=product&#038;p=1528"},"modified":"2021-08-13T14:53:40","modified_gmt":"2021-08-13T12:53:40","slug":"uzivajmo-v-prodaji","status":"publish","type":"product","link":"https:\/\/www.lisac-lisac.si\/knjigarna\/marketing-in-prodaja\/uzivajmo-v-prodaji\/","title":{"rendered":"U\u017eivajmo v prodaji"},"content":{"rendered":"<p><strong>Zakaj \u0161e ena knjiga o prodaji?<\/strong><\/p>\n<p>Jure Habbe se je odlo\u010dil napisati knjigo o prodaji iz ve\u010d, za bralca koristnih razlogov: znanje, ki ga o prodaji poslovnim kupcem \u017ee imate, boste sklenili v lepo povezano in uporabno celoto, v knjigi boste na\u0161li \u0161tevilne mo\u017enosti za izbolj\u0161avo va\u0161ih prodajnih pristopov in, kar je \u0161e pomemnej\u0161e, poleg njih tudi razloge, saj se boste prav zaradi poglobljenega razumevanja, kako prodaja deluje, sposobni znajti v nepredvidenih situacijah, ki so v praksi prej pravilo kot izjema. In ne nazadnje, ker je tudi za vas dale\u010d najceneje, \u010de se u\u010dite na tujih izku\u0161njah in napakah.<\/p>\n<p><strong>Z branjem knjige U\u017eivajmo v prodaji si boste zagotovo pomagali, saj boste izbolj\u0161ali svoje znanje o prodaji, \u010de<\/strong><\/p>\n<p>&#8211; se ukvarjate s prodajo poslovnim kupcem (B2B);<\/p>\n<p>&#8211; ste zaposelni v prodaji, \u0161e posebej \u010de ste za\u010detnik, a tudi \u017ee izku\u0161eni na podro\u010dju prodaje boste zagotovo prikimavali avtorjevim trditvam in na\u0161li uporabne zamisli za svoje nadaljnje delo;<\/p>\n<p>&#8211; ste tehni\u010dni sodelavec v podjetju;<\/p>\n<p>&#8211; ste vodja prodaje ali vodilni v podjetju.<\/p>\n<p><strong>O \u010dem boste brali v priro\u010dniku U\u017eivajmo v prodaji?<\/strong><\/p>\n<p>266-stranski priro\u010dnik U\u017eivajmo v prodaji ima 10 poglavij in \u0161tevilne teste, s pomo\u010djo katerih boste \u0161e pred branjem posameznega poglavja lahko preverili svoje razumevanje obravnavane vsebine, ga primerjali z avtorjevimi priporo\u010dili in takoj ugotovili, na katerih podro\u010djih lahko kaj spremenite, nadgradite ali izbolj\u0161ate, opisane zamisli pa uporabite pri prodaji.<\/p>\n<p>&nbsp;<\/p>\n<p><strong>Podrobneje iz vsebine posameznih poglavij:<\/strong><\/p>\n<p>&nbsp;<\/p>\n<p><strong>Kaj in kako kupujejo poslovni kupci<\/strong><\/p>\n<p>Priro\u010dnik se za\u010denja s poglavjem, ki odgovarja na vpra\u0161anje, kaj in kako kupujejo poslovni kupci, kdaj in kdo pri poslovnih kupcih kupuje ter pri kom kupujejo poslovni kupci, prina\u0161a pa tudi dragocen odgovor na vpra\u0161anje, kdo in zakaj kupuje pri najcenej\u0161em ponudniku, kdo odlo\u010da o izbiri ponudnika in kdo potrjuje odlo\u010ditve.<\/p>\n<p>Poseben razdelek je namenjen na\u010dinu kupovanja v javnem sektorju, vedeti pa morate, da se prodaja ne zaklju\u010di s kup\u010devim naro\u010dilom, temve\u010d se takrat \u0161ele zares za\u010denja, saj je treba dobro upravljati s pri\u010dakovanji poslovnih kupcev, ko \u017ee oddajo naro\u010dilo.<\/p>\n<p>\u00bb\u010ce \u017eelimo z nekom uspe\u0161no sodelovati, se moramo z njim najprej razumeti, ali kot pravimo, biti z njim na isti valovni dol\u017eini. Enako velja v prodaji. Zato za u\u010dinkovito prodajo ni bistven prodajni proces v podjetju, ki izdelke ali storitve ponuja, temve\u010d je pomembnej\u0161i nabavni proces v podjetju, ki jih kupuje. Kar pomeni, da poslovnim kupcem ne moremo uspe\u0161no prodajati na na\u010din, na kakr\u0161nega jim \u017eelimo prodati sami, temve\u010d se moramo prilagoditi na\u010dinu, na katerega so oni pripravljeni kupiti.\u00ab<\/p>\n<p><strong>Miselna naravnanost v prodaji<\/strong><\/p>\n<p>Vsi poznamo mo\u010d zmagovalne miselnosti v \u0161portu, kako pa jo uporabiti v prodaji in zakaj toliko ljudi, ki delajo v prodaji, v resnici ne mara svojega dela?<\/p>\n<p>\u00bbS prodajo se ukvarja precej ljudi, ki jim to delo ni najbolj prijetno. Ki jih stiska v grlu, ko morajo nekoga poklicati po telefonu. Ki imajo pri tem slabo vest in jih je strah sogovornikovega odziva. Ki jih \u017ee samo ob misli na vodenje prodajnega sestanka zvija v \u017eelodcu. In ki ostanejo skoraj brez glasu, ko naj bi spregovorili ali izvedli predstavitev pred ve\u010djo skupino udele\u017eencev. Nekateri avtorji pravijo temu nalezljiv sindrom prestra\u0161enega prodajalca, ki povzro\u010da prestra\u0161ene kupce, saj nikakor no\u010dejo kupiti.\u00ab<\/p>\n<p><strong>Ste vedeli, da je prodajal\u010devo delo povsem primerljivo z zdravnikovim?<\/strong><\/p>\n<p>\u00bb\u010ce \u017eelimo uspevati v prodaji, se po\u010dutimo kot zdravnik. Presene\u010deni? Verjeli ali ne, imata zdravnikovo delo in prodaja veliko podobnosti. Zato se najprej spomnimo, kako poteka delo zdravnika.<\/p>\n<p>Ko nas zdravnik pri\u010daka v svoji ordinaciji, ve edino, da imamo neko te\u017eavo, sicer ga ne bi obiskali. Zato nam najprej pozorno prisluhne. Ker so na\u0161a lai\u010dna pojasnila obi\u010dajno preve\u010d splo\u0161na za presojo na\u0161ega stanja, nas spra\u0161uje in po potrebi dodatno pregleda. Torej analizira na\u0161e zdravstveno stanje. Ko meni, da je zbral dovolj informacij, postavi diagnozo, ki je strokovna opredelitev na\u0161e te\u017eave ali bolezni. Nato nam dolo\u010di terapijo ali zdravljenje, ki bo te\u017eavo odpravilo. Zadovoljni, da je odkril vzrok za na\u0161o te\u017eavo in nam predpisal\u00a0 mo\u017eno re\u0161itev, smo mu seveda hvale\u017eni. Zadovoljen je tudi zdravnik, ker nam je pomagal. Torej zmaga na obeh straneh.<\/p>\n<p>\u010cesa zdravnik ne stori? Ko vstopimo v njegovo ordinacijo, nam ne predstavi najprej svojega \u017eivljenjepisa in strokovnih dose\u017ekov, saj ve, da nas kot pacienta to ne zanima, ker smo ga obiskali samo zaradi sebe. Prav tako za nas na mizi nima \u017ee pripravljenega zdravila, ker ob na\u0161em prihodu ne ve, kak\u0161ne te\u017eave imamo in kak\u0161no zdravljenje potrebujemo. Zdravnik ve\u010dino \u010dasa ne govori, temve\u010d nas s strokovnimi vpra\u0161anji predvsem spodbuja k govorjenju. \u0160ele po analizi in diagnozi nam pojasni, kak\u0161no zdravljenje potrebujemo in kako bo delovalo, da bomo te\u017eave odpravili.\u00ab<\/p>\n<p>Bodimo zdravnik za te\u017eave svojih kupcev!<\/p>\n<p><strong>Iskanje in ustvarjanje prodajnih prilo\u017enosti<\/strong><\/p>\n<p>Tretje poglavje se posve\u010da pomembni razliki med prodajnimi stiki in prodajnimi prilo\u017enostmi, navaja na\u010dine, kako preiti od prodajnih stikov k prodajnim prilo\u017enostim, na\u0161teje in analizira 7 uporabnih na\u010dinov za iskanje prodajnih prilo\u017enosti in navaja konkreten primer ustvarjanja prodajne prilo\u017enosti po zaporednih to\u010dkah.<\/p>\n<p>\u00bbKadar prodajni stik vzpostavimo na podlagi prejetega povpra\u0161evanja, je pomembno, da \u010dim prej ugotovimo, v kateri fazi je nakupni proces. Precej lahko o tem izvemo \u017ee iz vira in vsebine povpra\u0161evanja. Razlika je, \u010de nas poi\u0161\u010dejo iz vodstva podjetja, tehni\u010dnega podro\u010dja ali iz nabave. Kakor tudi, \u010de jih zanimajo vsebinske re\u0161itve, lastnosti na\u0161ih izdelkov in storitev ali zgolj cene. Vse ostalo, kar potrebujemo za oceno prodajne prilo\u017enosti, pa bomo najla\u017eje izvedeli s premi\u0161ljenimi vpra\u0161anji. Redko se namre\u010d zgodi, da nam kupci ne odgovorijo odkrito, le na pravilen na\u010din jim moramo postaviti prava vpra\u0161anja.<\/p>\n<p>\u0160ele ko zberemo dovolj informacij, je \u010das za odlo\u010ditev, ali je povpra\u0161evanje kot prodajni stik tudi prodajna prilo\u017enost, kako se bomo odzvali in koliko \u010dasa mu bomo posvetili.\u00ab<\/p>\n<p><strong>Od prodajnih prilo\u017enosti do prodaje<\/strong><\/p>\n<p>\u010cetrto poglavje se ukvarja s pomembno fazo v prodaji, tj. s prehodom od prilo\u017enosti k prodaji, zato govori o ustvarjanju zaupanja in iskanju prave re\u0161itve, o primernih trenutkih in na\u010dinih za oddajo na\u0161e ponudbe. Izvedeli boste tudi, kako uspe\u0161no zaklju\u010dimo prodajo, kako ravnamo, kadar nismo prva izbira, in kaj narediti, kadar nam prodaja ne uspe.<\/p>\n<p>\u00bbKot \u017ee vemo, se je v prodaji v zadnjih desetih letih marsikaj spremenilo. Najbolj sta se pove\u010dali dostopnost in hitrost pretoka informacij, zaradi katerih so kupci veliko bolje seznanjeni s ponudbo na tr\u017ei\u0161\u010du in usposobljeni za nakupe. Zato je danes prvi stik kupcev z na\u0161im podjetjem pogosto posreden, preko objavljenih tr\u017eenjskih sporo\u010dil, na\u0161e spletne strani ali mnenj o na\u0161em podjetju, ki se \u0161irijo od ust do ust. Od vsega tega je odvisen njihov prvi in neosebni vtis, ki jih lahko pri na\u0161em podjetju privla\u010di ali odbija. In prvi kamen\u010dek v mozaiku ustvarjanja medsebojnega zaupanja.<\/p>\n<p>\u010ceprav je javna podoba ponudnika vsekakor pomemben dejavnik, v prodaji poslovnim kupcem \u2013 na sre\u010do ali na \u017ealost \u2013 ni odlo\u010dilen. Zakaj? Ker poslovni kupci kupujejo od ljudi, ki jih poznajo in jim zaupajo, saj s svojo odlo\u010ditvijo prevzamejo odgovornost za nakup. In neredko se pri tem potrdi pregovor, da ni vse zlato, kar se sveti. Da za privla\u010dno zunanjo podobo ni zaupanja vrednih sogovornikov, ki bi jim kupci brez skrbi oddali svoja naro\u010dila. Zato samo javna podoba poslovnim kupcem ni dovolj.<\/p>\n<p>In na tem mestu nastopimo vsi, ki se ukvarjamo s prodajo. S pomembno nalogo, da pri kupcih ustvarimo osebno zaupanje, ki je eden izmed klju\u010dnih pogojev za nakup. Kako torej pri poslovnih kupcih ustvarimo zaupanje?<\/p>\n<p>Poslu\u0161ajmo.<\/p>\n<p>Poslu\u0161anje je prvi korak pri ustvarjanju zaupanja, ne le v poslovnih odnosih, temve\u010d tudi sicer. S poslu\u0161anjem sogovorniku izkazujemo zanimanje, pozornost in spo\u0161tovanje, kar si po \u010dlove\u0161ki plati \u017eelimo vsi. Hkrati s poslu\u0161anjem pridobivamo dragocene informacije o kupcu, njegovem podjetju in nakupu, kar nam pomaga pri na\u0161em prodajnem pristopu.\u00ab<\/p>\n<p><strong>Klju\u010dna orodja za uspe\u0161no prodajo<\/strong><\/p>\n<p>\u00bbPodobno kot v drugih poklicih tudi v prodaji potrebujemo orodja, ki nam pomagajo pri delu. \u010ceprav se zdijo nekatera povsem samoumevna, jih pogosto uporabljamo ob nepravem \u010dasu ali napa\u010dno. Ni namre\u010d vseeno, ali se v dolo\u010denem primeru odzovemo z osebnim sre\u010danjem, telefonskim pogovorom ali elektronskim sporo\u010dilom. In od enega samega pravega ali napa\u010dnega odziva je lahko odvisna usoda na\u0161e prodajne prilo\u017enosti.\u00ab<\/p>\n<p>V petem poglavju se boste seznanili z natan\u010dnimi navodili za uporabo prodajnih orodij, kot so telefon, tr\u017eenje, razli\u010dne vrste in tehnike zstavljanja vpra\u0161anj, kakr\u0161na je na primer SPIN tehnika, pravilna uporaba referenc in pasti pri njihovi uporabi.<\/p>\n<p><strong>Kaj bi morali o prodaji upo\u0161tevati vodilni<\/strong><\/p>\n<p>\u0160esto poglavje analizira poslanstvo in temeljne vrednote podjetja, izgrajevanje dolgoro\u010dnih odnosov s kupci, izbiro in vodenje prodajnih sodelavcev.<\/p>\n<p>V prodaji ni pomembno, kdo in zakaj je v\u0161e\u010d nam, temve\u010d kdo bo ustrezal potrebam na\u0161im kupcem.<\/p>\n<p>\u00bbUstvarjanje odnosa s kandidatom za delo v prodaji se za\u010dne, \u0161e preden se z njim osebno spoznamo. Ko nam po\u0161lje vlogo za zaposlitev, ko ga nekdo priporo\u010di ali ko nas enostavno pokli\u010de in nam ponudi svoje sodelovanje. Zato bodimo pozorni na vsak stik posebej in ga presojajmo skozi o\u010di kupca \u2013 njegove osebnosti in sposobnosti. Nam je njegov poslovni \u017eivljenjepis vsebinsko in oblikovno v\u0161e\u010d? Kak\u0161en vtis naredi pri dopisovanju po elektronski po\u0161ti in pri telefonskem pogovoru? Ali menimo, da sodelujemo s sposobno, urejeno in zanesljivo osebo? Bi sami od njega kupili izdelke ali storitve?\u00ab<\/p>\n<p><strong>Zmote in resnice o tr\u017eenju in prodaji<\/strong><\/p>\n<p>V sedmem poglavju se Jure Habbe loteva zanimivih klasi\u010dnih zmot o prodaji, kot na primer:<\/p>\n<p>\u00bbProdaje ni, ker kupci nimajo denarja.<\/p>\n<p>Kdor posluje, ima tudi denar, sicer ne bi mogel poslovati. Drugo vpra\u0161anje pa je, za kaj ga je pripravljen porabiti. \u010ce poslovni kupec pravi, da nima denarja, nam s tem sporo\u010da, da na\u0161ih izdelkov in storitev nujno ne potrebuje. \u010ce poka\u017ee zanimanje zanje, vendar nam nato odgovori, da nima denarja, pa pomeni, da te\u017eave, ki jih re\u0161ujejo, zanj trenutno niso dovolj pomembne.<\/p>\n<p>Zato je pomanjkanje denarja podoben izgovor kot previsoka cena.\u00ab<\/p>\n<p><strong>Bli\u017enjica do uspeha v prodaji<\/strong><\/p>\n<p>Zahteva samo 3 preproste korake:<\/p>\n<ul>\n<li>po\u010dutite se kot zdravnik za te\u017eave svojih kupcev,<\/li>\n<li>najprej analiza, nato diagnoza in \u0161ele potem re\u0161itev,<\/li>\n<li>vadite, vadite in \u0161e enkrat vadite.<\/li>\n<\/ul>\n<p>Kot pravi Jure Habbe, je v knjigi U\u017eivajmo v prodaji strnil zamisli, ideje, pristope in prodajne strategije itn., ki se mu zdijo najuporabnej\u0161e in tudi naju\u010dinkovitej\u0161e. Po branju se boste tudi vi z lahkoto strinjali, da gre za izbor najuporabnej\u0161ega.<\/p>\n","protected":false},"excerpt":{"rendered":"<p><strong>Zakaj \u0161e ena knjiga o prodaji?<\/strong><\/p>\n<p>Jure Habbe se je odlo\u010dil napisati knjigo o prodaji iz ve\u010d, za bralca koristnih razlogov: znanje, ki ga o prodaji poslovnim kupcem \u017ee imate, boste sklenili v lepo povezano in uporabno celoto, v knjigi boste na\u0161li \u0161tevilne mo\u017enosti za izbolj\u0161avo va\u0161ih prodajnih pristopov in, kar je \u0161e pomemnej\u0161e, poleg njih tudi razloge, saj se boste prav zaradi poglobljenega razumevanja, kako prodaja deluje, sposobni znajti v nepredvidenih situacijah, ki so v praksi prej pravilo kot izjema. In ne nazadnje, ker je tudi za vas dale\u010d najceneje, \u010de se u\u010dite na tujih izku\u0161njah in napakah.<\/p>\n","protected":false},"featured_media":2122,"comment_status":"open","ping_status":"closed","template":"","meta":[],"product_cat":[101,104],"product_tag":[],"class_list":{"0":"post-1528","1":"product","2":"type-product","3":"status-publish","4":"has-post-thumbnail","6":"authors-jure-habbe","7":"product_cat-marketing-in-prodaja","8":"product_cat-poslovna-literatura","10":"first","11":"instock","12":"taxable","13":"shipping-taxable","14":"purchasable","15":"product-type-simple"},"yoast_head":"<!-- This site is optimized with the Yoast SEO plugin v23.2 - https:\/\/yoast.com\/wordpress\/plugins\/seo\/ -->\n<title>U\u017eivajmo v prodaji - Lisac-lisac.si<\/title>\n<meta name=\"robots\" content=\"noindex, follow, max-snippet:-1, max-image-preview:large, max-video-preview:-1\" \/>\n<meta property=\"og:locale\" content=\"sl_SI\" \/>\n<meta property=\"og:type\" content=\"article\" \/>\n<meta property=\"og:title\" content=\"U\u017eivajmo v prodaji - Lisac-lisac.si\" \/>\n<meta property=\"og:description\" content=\"Zakaj \u0161e ena knjiga o prodaji?  Jure Habbe se je odlo\u010dil napisati knjigo o prodaji iz ve\u010d, za bralca koristnih razlogov: znanje, ki ga o prodaji poslovnim kupcem \u017ee imate, boste sklenili v lepo povezano in uporabno celoto, v knjigi boste na\u0161li \u0161tevilne mo\u017enosti za izbolj\u0161avo va\u0161ih prodajnih pristopov in, kar je \u0161e pomemnej\u0161e, poleg njih tudi razloge, saj se boste prav zaradi poglobljenega razumevanja, kako prodaja deluje, sposobni znajti v nepredvidenih situacijah, ki so v praksi prej pravilo kot izjema. In ne nazadnje, ker je tudi za vas dale\u010d najceneje, \u010de se u\u010dite na tujih izku\u0161njah in napakah.\" \/>\n<meta property=\"og:url\" content=\"https:\/\/www.lisac-lisac.si\/knjigarna\/marketing-in-prodaja\/uzivajmo-v-prodaji\/\" \/>\n<meta property=\"og:site_name\" content=\"Lisac-lisac.si\" \/>\n<meta property=\"article:modified_time\" content=\"2021-08-13T12:53:40+00:00\" \/>\n<meta property=\"og:image\" content=\"https:\/\/www.lisac-lisac.si\/knjigarna\/wp-content\/uploads\/2021\/06\/uzivajmo-v-prodaji.jpg\" \/>\n\t<meta property=\"og:image:width\" content=\"930\" \/>\n\t<meta property=\"og:image:height\" content=\"1264\" \/>\n\t<meta property=\"og:image:type\" content=\"image\/jpeg\" \/>\n<meta name=\"twitter:card\" content=\"summary_large_image\" \/>\n<meta name=\"twitter:label1\" content=\"Est. reading time\" \/>\n\t<meta name=\"twitter:data1\" content=\"8 minut\" \/>\n<script type=\"application\/ld+json\" class=\"yoast-schema-graph\">{\"@context\":\"https:\/\/schema.org\",\"@graph\":[{\"@type\":\"WebPage\",\"@id\":\"https:\/\/www.lisac-lisac.si\/knjigarna\/marketing-in-prodaja\/uzivajmo-v-prodaji\/\",\"url\":\"https:\/\/www.lisac-lisac.si\/knjigarna\/marketing-in-prodaja\/uzivajmo-v-prodaji\/\",\"name\":\"U\u017eivajmo v prodaji - Lisac-lisac.si\",\"isPartOf\":{\"@id\":\"https:\/\/www.lisac-lisac.si\/knjigarna\/#website\"},\"primaryImageOfPage\":{\"@id\":\"https:\/\/www.lisac-lisac.si\/knjigarna\/marketing-in-prodaja\/uzivajmo-v-prodaji\/#primaryimage\"},\"image\":{\"@id\":\"https:\/\/www.lisac-lisac.si\/knjigarna\/marketing-in-prodaja\/uzivajmo-v-prodaji\/#primaryimage\"},\"thumbnailUrl\":\"https:\/\/www.lisac-lisac.si\/knjigarna\/wp-content\/uploads\/2021\/06\/uzivajmo-v-prodaji.jpg\",\"datePublished\":\"2021-06-08T10:10:25+00:00\",\"dateModified\":\"2021-08-13T12:53:40+00:00\",\"breadcrumb\":{\"@id\":\"https:\/\/www.lisac-lisac.si\/knjigarna\/marketing-in-prodaja\/uzivajmo-v-prodaji\/#breadcrumb\"},\"inLanguage\":\"sl-SI\",\"potentialAction\":[{\"@type\":\"ReadAction\",\"target\":[\"https:\/\/www.lisac-lisac.si\/knjigarna\/marketing-in-prodaja\/uzivajmo-v-prodaji\/\"]}]},{\"@type\":\"ImageObject\",\"inLanguage\":\"sl-SI\",\"@id\":\"https:\/\/www.lisac-lisac.si\/knjigarna\/marketing-in-prodaja\/uzivajmo-v-prodaji\/#primaryimage\",\"url\":\"https:\/\/www.lisac-lisac.si\/knjigarna\/wp-content\/uploads\/2021\/06\/uzivajmo-v-prodaji.jpg\",\"contentUrl\":\"https:\/\/www.lisac-lisac.si\/knjigarna\/wp-content\/uploads\/2021\/06\/uzivajmo-v-prodaji.jpg\",\"width\":930,\"height\":1264},{\"@type\":\"BreadcrumbList\",\"@id\":\"https:\/\/www.lisac-lisac.si\/knjigarna\/marketing-in-prodaja\/uzivajmo-v-prodaji\/#breadcrumb\",\"itemListElement\":[{\"@type\":\"ListItem\",\"position\":1,\"name\":\"Domov\",\"item\":\"https:\/\/www.lisac-lisac.si\/knjigarna\/\"},{\"@type\":\"ListItem\",\"position\":2,\"name\":\"Knjigarna\",\"item\":\"https:\/\/www.lisac-lisac.si\/knjigarna\/knjigarna\/\"},{\"@type\":\"ListItem\",\"position\":3,\"name\":\"U\u017eivajmo v prodaji\"}]},{\"@type\":\"WebSite\",\"@id\":\"https:\/\/www.lisac-lisac.si\/knjigarna\/#website\",\"url\":\"https:\/\/www.lisac-lisac.si\/knjigarna\/\",\"name\":\"Lisac-lisac.si\",\"description\":\"Knjige in seminarji za podjetnike.\",\"potentialAction\":[{\"@type\":\"SearchAction\",\"target\":{\"@type\":\"EntryPoint\",\"urlTemplate\":\"https:\/\/www.lisac-lisac.si\/knjigarna\/?s={search_term_string}\"},\"query-input\":\"required name=search_term_string\"}],\"inLanguage\":\"sl-SI\"}]}<\/script>\n<!-- \/ Yoast SEO plugin. -->","yoast_head_json":{"title":"U\u017eivajmo v prodaji - Lisac-lisac.si","robots":{"index":"noindex","follow":"follow","max-snippet":"max-snippet:-1","max-image-preview":"max-image-preview:large","max-video-preview":"max-video-preview:-1"},"og_locale":"sl_SI","og_type":"article","og_title":"U\u017eivajmo v prodaji - Lisac-lisac.si","og_description":"Zakaj \u0161e ena knjiga o prodaji?  Jure Habbe se je odlo\u010dil napisati knjigo o prodaji iz ve\u010d, za bralca koristnih razlogov: znanje, ki ga o prodaji poslovnim kupcem \u017ee imate, boste sklenili v lepo povezano in uporabno celoto, v knjigi boste na\u0161li \u0161tevilne mo\u017enosti za izbolj\u0161avo va\u0161ih prodajnih pristopov in, kar je \u0161e pomemnej\u0161e, poleg njih tudi razloge, saj se boste prav zaradi poglobljenega razumevanja, kako prodaja deluje, sposobni znajti v nepredvidenih situacijah, ki so v praksi prej pravilo kot izjema. In ne nazadnje, ker je tudi za vas dale\u010d najceneje, \u010de se u\u010dite na tujih izku\u0161njah in napakah.","og_url":"https:\/\/www.lisac-lisac.si\/knjigarna\/marketing-in-prodaja\/uzivajmo-v-prodaji\/","og_site_name":"Lisac-lisac.si","article_modified_time":"2021-08-13T12:53:40+00:00","og_image":[{"width":930,"height":1264,"url":"https:\/\/www.lisac-lisac.si\/knjigarna\/wp-content\/uploads\/2021\/06\/uzivajmo-v-prodaji.jpg","type":"image\/jpeg"}],"twitter_card":"summary_large_image","twitter_misc":{"Est. reading time":"8 minut"},"schema":{"@context":"https:\/\/schema.org","@graph":[{"@type":"WebPage","@id":"https:\/\/www.lisac-lisac.si\/knjigarna\/marketing-in-prodaja\/uzivajmo-v-prodaji\/","url":"https:\/\/www.lisac-lisac.si\/knjigarna\/marketing-in-prodaja\/uzivajmo-v-prodaji\/","name":"U\u017eivajmo v prodaji - Lisac-lisac.si","isPartOf":{"@id":"https:\/\/www.lisac-lisac.si\/knjigarna\/#website"},"primaryImageOfPage":{"@id":"https:\/\/www.lisac-lisac.si\/knjigarna\/marketing-in-prodaja\/uzivajmo-v-prodaji\/#primaryimage"},"image":{"@id":"https:\/\/www.lisac-lisac.si\/knjigarna\/marketing-in-prodaja\/uzivajmo-v-prodaji\/#primaryimage"},"thumbnailUrl":"https:\/\/www.lisac-lisac.si\/knjigarna\/wp-content\/uploads\/2021\/06\/uzivajmo-v-prodaji.jpg","datePublished":"2021-06-08T10:10:25+00:00","dateModified":"2021-08-13T12:53:40+00:00","breadcrumb":{"@id":"https:\/\/www.lisac-lisac.si\/knjigarna\/marketing-in-prodaja\/uzivajmo-v-prodaji\/#breadcrumb"},"inLanguage":"sl-SI","potentialAction":[{"@type":"ReadAction","target":["https:\/\/www.lisac-lisac.si\/knjigarna\/marketing-in-prodaja\/uzivajmo-v-prodaji\/"]}]},{"@type":"ImageObject","inLanguage":"sl-SI","@id":"https:\/\/www.lisac-lisac.si\/knjigarna\/marketing-in-prodaja\/uzivajmo-v-prodaji\/#primaryimage","url":"https:\/\/www.lisac-lisac.si\/knjigarna\/wp-content\/uploads\/2021\/06\/uzivajmo-v-prodaji.jpg","contentUrl":"https:\/\/www.lisac-lisac.si\/knjigarna\/wp-content\/uploads\/2021\/06\/uzivajmo-v-prodaji.jpg","width":930,"height":1264},{"@type":"BreadcrumbList","@id":"https:\/\/www.lisac-lisac.si\/knjigarna\/marketing-in-prodaja\/uzivajmo-v-prodaji\/#breadcrumb","itemListElement":[{"@type":"ListItem","position":1,"name":"Domov","item":"https:\/\/www.lisac-lisac.si\/knjigarna\/"},{"@type":"ListItem","position":2,"name":"Knjigarna","item":"https:\/\/www.lisac-lisac.si\/knjigarna\/knjigarna\/"},{"@type":"ListItem","position":3,"name":"U\u017eivajmo v prodaji"}]},{"@type":"WebSite","@id":"https:\/\/www.lisac-lisac.si\/knjigarna\/#website","url":"https:\/\/www.lisac-lisac.si\/knjigarna\/","name":"Lisac-lisac.si","description":"Knjige in seminarji za podjetnike.","potentialAction":[{"@type":"SearchAction","target":{"@type":"EntryPoint","urlTemplate":"https:\/\/www.lisac-lisac.si\/knjigarna\/?s={search_term_string}"},"query-input":"required name=search_term_string"}],"inLanguage":"sl-SI"}]}},"_links":{"self":[{"href":"https:\/\/www.lisac-lisac.si\/knjigarna\/wp-json\/wp\/v2\/product\/1528","targetHints":{"allow":["GET"]}}],"collection":[{"href":"https:\/\/www.lisac-lisac.si\/knjigarna\/wp-json\/wp\/v2\/product"}],"about":[{"href":"https:\/\/www.lisac-lisac.si\/knjigarna\/wp-json\/wp\/v2\/types\/product"}],"replies":[{"embeddable":true,"href":"https:\/\/www.lisac-lisac.si\/knjigarna\/wp-json\/wp\/v2\/comments?post=1528"}],"wp:featuredmedia":[{"embeddable":true,"href":"https:\/\/www.lisac-lisac.si\/knjigarna\/wp-json\/wp\/v2\/media\/2122"}],"wp:attachment":[{"href":"https:\/\/www.lisac-lisac.si\/knjigarna\/wp-json\/wp\/v2\/media?parent=1528"}],"wp:term":[{"taxonomy":"product_cat","embeddable":true,"href":"https:\/\/www.lisac-lisac.si\/knjigarna\/wp-json\/wp\/v2\/product_cat?post=1528"},{"taxonomy":"product_tag","embeddable":true,"href":"https:\/\/www.lisac-lisac.si\/knjigarna\/wp-json\/wp\/v2\/product_tag?post=1528"}],"curies":[{"name":"wp","href":"https:\/\/api.w.org\/{rel}","templated":true}]}}