

{"id":2432,"date":"2023-12-11T13:03:42","date_gmt":"2023-12-11T11:03:42","guid":{"rendered":"https:\/\/www.lisac-lisac.si\/knjigarna\/?post_type=product&#038;p=2432"},"modified":"2024-07-08T23:00:58","modified_gmt":"2024-07-08T21:00:58","slug":"vaucher-30","status":"publish","type":"product","link":"https:\/\/www.lisac-lisac.si\/knjigarna\/prirocniki\/darilni-voucher-prirocniki\/vaucher-30\/","title":{"rendered":"Voucher &#8211; 30"},"content":{"rendered":"","protected":false},"excerpt":{"rendered":"<p>Voucher v <strong>vrednosti 30 EUR, ob pla\u010dilu zgolj 20 EUR.<\/strong><\/p>\n<p>Presenetite svoje bli\u017enje s prilo\u017enostjo za osebno rast in raziskovanje navdihujo\u010dih besedil ter edinstvenih izobra\u017eevalnih do\u017eivetij. Darilni bon je popolno darilo za vse ljubitelje branja in tiste, ki si \u017eelijo raz\u0161iriti svoje znanje.<\/p>\n<p>Ne odla\u0161ajte, podarite darilo, ki bo navdu\u0161ilo in obogatilo \u017eivljenje va\u0161ih najdra\u017ejih ali poslovnih partnerjev. Nakup darilnega voucherja je enostaven, u\u017eivanje v literaturi in izobra\u017eevanjih v \u017eivo ali on-line.<\/p>\n<p>Voucher je prenosljiv. Uporabite ga lahko za vse storitve in izdelke podjetja Lisac &amp; Lisac.<\/p>\n","protected":false},"featured_media":2434,"comment_status":"open","ping_status":"closed","template":"","meta":[],"product_cat":[127],"product_tag":[],"class_list":{"0":"post-2432","1":"product","2":"type-product","3":"status-publish","4":"has-post-thumbnail","6":"product_cat-darilni-voucher-prirocniki","8":"first","9":"instock","10":"taxable","11":"shipping-taxable","12":"purchasable","13":"product-type-simple"},"yoast_head":"<!-- This site is optimized with the Yoast SEO plugin v23.2 - https:\/\/yoast.com\/wordpress\/plugins\/seo\/ -->\n<title>Voucher - 30 - Lisac-lisac.si<\/title>\n<meta name=\"robots\" content=\"noindex, follow, max-snippet:-1, max-image-preview:large, max-video-preview:-1\" \/>\n<meta property=\"og:locale\" content=\"sl_SI\" \/>\n<meta property=\"og:type\" content=\"article\" \/>\n<meta property=\"og:title\" content=\"Voucher - 30 - Lisac-lisac.si\" \/>\n<meta property=\"og:description\" content=\"Voucher v vrednosti 30 EUR, ob pla\u010dilu zgolj 20 EUR.  Presenetite svoje bli\u017enje s prilo\u017enostjo za osebno rast in raziskovanje navdihujo\u010dih besedil ter edinstvenih izobra\u017eevalnih do\u017eivetij. Darilni bon je popolno darilo za vse ljubitelje branja in tiste, ki si \u017eelijo raz\u0161iriti svoje znanje.  Ne odla\u0161ajte, podarite darilo, ki bo navdu\u0161ilo in obogatilo \u017eivljenje va\u0161ih najdra\u017ejih ali poslovnih partnerjev. Nakup darilnega voucherja je enostaven, u\u017eivanje v literaturi in izobra\u017eevanjih v \u017eivo ali on-line.  Voucher je prenosljiv. Uporabite ga lahko za vse storitve in izdelke podjetja Lisac &amp; Lisac.\" \/>\n<meta property=\"og:url\" content=\"https:\/\/www.lisac-lisac.si\/knjigarna\/prirocniki\/darilni-voucher-prirocniki\/vaucher-30\/\" \/>\n<meta property=\"og:site_name\" content=\"Lisac-lisac.si\" \/>\n<meta property=\"article:modified_time\" content=\"2024-07-08T21:00:58+00:00\" \/>\n<meta property=\"og:image\" content=\"https:\/\/www.lisac-lisac.si\/knjigarna\/wp-content\/uploads\/2023\/12\/black-friday-gift.jpg\" \/>\n\t<meta property=\"og:image:width\" content=\"898\" \/>\n\t<meta property=\"og:image:height\" content=\"1264\" \/>\n\t<meta property=\"og:image:type\" content=\"image\/jpeg\" \/>\n<meta name=\"twitter:card\" content=\"summary_large_image\" \/>\n<meta name=\"twitter:label1\" content=\"Est. reading time\" \/>\n\t<meta name=\"twitter:data1\" content=\"5 minut\" \/>\n<script type=\"application\/ld+json\" class=\"yoast-schema-graph\">{\"@context\":\"https:\/\/schema.org\",\"@graph\":[{\"@type\":\"WebPage\",\"@id\":\"https:\/\/www.lisac-lisac.si\/knjigarna\/prirocniki\/darilni-voucher-prirocniki\/vaucher-30\/\",\"url\":\"https:\/\/www.lisac-lisac.si\/knjigarna\/prirocniki\/darilni-voucher-prirocniki\/vaucher-30\/\",\"name\":\"Voucher - 30 - Lisac-lisac.si\",\"isPartOf\":{\"@id\":\"https:\/\/www.lisac-lisac.si\/knjigarna\/#website\"},\"primaryImageOfPage\":{\"@id\":\"https:\/\/www.lisac-lisac.si\/knjigarna\/prirocniki\/darilni-voucher-prirocniki\/vaucher-30\/#primaryimage\"},\"image\":{\"@id\":\"https:\/\/www.lisac-lisac.si\/knjigarna\/prirocniki\/darilni-voucher-prirocniki\/vaucher-30\/#primaryimage\"},\"thumbnailUrl\":\"https:\/\/www.lisac-lisac.si\/knjigarna\/wp-content\/uploads\/2023\/12\/black-friday-gift.jpg\",\"datePublished\":\"2023-12-11T11:03:42+00:00\",\"dateModified\":\"2024-07-08T21:00:58+00:00\",\"breadcrumb\":{\"@id\":\"https:\/\/www.lisac-lisac.si\/knjigarna\/prirocniki\/darilni-voucher-prirocniki\/vaucher-30\/#breadcrumb\"},\"inLanguage\":\"sl-SI\",\"potentialAction\":[{\"@type\":\"ReadAction\",\"target\":[\"https:\/\/www.lisac-lisac.si\/knjigarna\/prirocniki\/darilni-voucher-prirocniki\/vaucher-30\/\"]}]},{\"@type\":\"ImageObject\",\"inLanguage\":\"sl-SI\",\"@id\":\"https:\/\/www.lisac-lisac.si\/knjigarna\/prirocniki\/darilni-voucher-prirocniki\/vaucher-30\/#primaryimage\",\"url\":\"https:\/\/www.lisac-lisac.si\/knjigarna\/wp-content\/uploads\/2023\/12\/black-friday-gift.jpg\",\"contentUrl\":\"https:\/\/www.lisac-lisac.si\/knjigarna\/wp-content\/uploads\/2023\/12\/black-friday-gift.jpg\",\"width\":898,\"height\":1264},{\"@type\":\"BreadcrumbList\",\"@id\":\"https:\/\/www.lisac-lisac.si\/knjigarna\/prirocniki\/darilni-voucher-prirocniki\/vaucher-30\/#breadcrumb\",\"itemListElement\":[{\"@type\":\"ListItem\",\"position\":1,\"name\":\"Domov\",\"item\":\"https:\/\/www.lisac-lisac.si\/knjigarna\/\"},{\"@type\":\"ListItem\",\"position\":2,\"name\":\"Knjigarna\",\"item\":\"https:\/\/www.lisac-lisac.si\/knjigarna\/knjigarna\/\"},{\"@type\":\"ListItem\",\"position\":3,\"name\":\"Voucher &#8211; 30\"}]},{\"@type\":\"WebSite\",\"@id\":\"https:\/\/www.lisac-lisac.si\/knjigarna\/#website\",\"url\":\"https:\/\/www.lisac-lisac.si\/knjigarna\/\",\"name\":\"Lisac-lisac.si\",\"description\":\"Knjige in seminarji za podjetnike.\",\"potentialAction\":[{\"@type\":\"SearchAction\",\"target\":{\"@type\":\"EntryPoint\",\"urlTemplate\":\"https:\/\/www.lisac-lisac.si\/knjigarna\/?s={search_term_string}\"},\"query-input\":\"required name=search_term_string\"}],\"inLanguage\":\"sl-SI\"}]}<\/script>\n<!-- \/ Yoast SEO plugin. -->","yoast_head_json":{"title":"Voucher - 30 - Lisac-lisac.si","robots":{"index":"noindex","follow":"follow","max-snippet":"max-snippet:-1","max-image-preview":"max-image-preview:large","max-video-preview":"max-video-preview:-1"},"og_locale":"sl_SI","og_type":"article","og_title":"Voucher - 30 - Lisac-lisac.si","og_description":"Voucher v vrednosti 30 EUR, ob pla\u010dilu zgolj 20 EUR.  Presenetite svoje bli\u017enje s prilo\u017enostjo za osebno rast in raziskovanje navdihujo\u010dih besedil ter edinstvenih izobra\u017eevalnih do\u017eivetij. Darilni bon je popolno darilo za vse ljubitelje branja in tiste, ki si \u017eelijo raz\u0161iriti svoje znanje.  Ne odla\u0161ajte, podarite darilo, ki bo navdu\u0161ilo in obogatilo \u017eivljenje va\u0161ih najdra\u017ejih ali poslovnih partnerjev. Nakup darilnega voucherja je enostaven, u\u017eivanje v literaturi in izobra\u017eevanjih v \u017eivo ali on-line.  Voucher je prenosljiv. Uporabite ga lahko za vse storitve in izdelke podjetja Lisac &amp; Lisac.","og_url":"https:\/\/www.lisac-lisac.si\/knjigarna\/prirocniki\/darilni-voucher-prirocniki\/vaucher-30\/","og_site_name":"Lisac-lisac.si","article_modified_time":"2024-07-08T21:00:58+00:00","og_image":[{"width":898,"height":1264,"url":"https:\/\/www.lisac-lisac.si\/knjigarna\/wp-content\/uploads\/2023\/12\/black-friday-gift.jpg","type":"image\/jpeg"}],"twitter_card":"summary_large_image","twitter_misc":{"Est. reading time":"5 minut"},"schema":{"@context":"https:\/\/schema.org","@graph":[{"@type":"WebPage","@id":"https:\/\/www.lisac-lisac.si\/knjigarna\/prirocniki\/darilni-voucher-prirocniki\/vaucher-30\/","url":"https:\/\/www.lisac-lisac.si\/knjigarna\/prirocniki\/darilni-voucher-prirocniki\/vaucher-30\/","name":"Voucher - 30 - Lisac-lisac.si","isPartOf":{"@id":"https:\/\/www.lisac-lisac.si\/knjigarna\/#website"},"primaryImageOfPage":{"@id":"https:\/\/www.lisac-lisac.si\/knjigarna\/prirocniki\/darilni-voucher-prirocniki\/vaucher-30\/#primaryimage"},"image":{"@id":"https:\/\/www.lisac-lisac.si\/knjigarna\/prirocniki\/darilni-voucher-prirocniki\/vaucher-30\/#primaryimage"},"thumbnailUrl":"https:\/\/www.lisac-lisac.si\/knjigarna\/wp-content\/uploads\/2023\/12\/black-friday-gift.jpg","datePublished":"2023-12-11T11:03:42+00:00","dateModified":"2024-07-08T21:00:58+00:00","breadcrumb":{"@id":"https:\/\/www.lisac-lisac.si\/knjigarna\/prirocniki\/darilni-voucher-prirocniki\/vaucher-30\/#breadcrumb"},"inLanguage":"sl-SI","potentialAction":[{"@type":"ReadAction","target":["https:\/\/www.lisac-lisac.si\/knjigarna\/prirocniki\/darilni-voucher-prirocniki\/vaucher-30\/"]}]},{"@type":"ImageObject","inLanguage":"sl-SI","@id":"https:\/\/www.lisac-lisac.si\/knjigarna\/prirocniki\/darilni-voucher-prirocniki\/vaucher-30\/#primaryimage","url":"https:\/\/www.lisac-lisac.si\/knjigarna\/wp-content\/uploads\/2023\/12\/black-friday-gift.jpg","contentUrl":"https:\/\/www.lisac-lisac.si\/knjigarna\/wp-content\/uploads\/2023\/12\/black-friday-gift.jpg","width":898,"height":1264},{"@type":"BreadcrumbList","@id":"https:\/\/www.lisac-lisac.si\/knjigarna\/prirocniki\/darilni-voucher-prirocniki\/vaucher-30\/#breadcrumb","itemListElement":[{"@type":"ListItem","position":1,"name":"Domov","item":"https:\/\/www.lisac-lisac.si\/knjigarna\/"},{"@type":"ListItem","position":2,"name":"Knjigarna","item":"https:\/\/www.lisac-lisac.si\/knjigarna\/knjigarna\/"},{"@type":"ListItem","position":3,"name":"Voucher &#8211; 30"}]},{"@type":"WebSite","@id":"https:\/\/www.lisac-lisac.si\/knjigarna\/#website","url":"https:\/\/www.lisac-lisac.si\/knjigarna\/","name":"Lisac-lisac.si","description":"Knjige in seminarji za podjetnike.","potentialAction":[{"@type":"SearchAction","target":{"@type":"EntryPoint","urlTemplate":"https:\/\/www.lisac-lisac.si\/knjigarna\/?s={search_term_string}"},"query-input":"required name=search_term_string"}],"inLanguage":"sl-SI"}]}},"_links":{"self":[{"href":"https:\/\/www.lisac-lisac.si\/knjigarna\/wp-json\/wp\/v2\/product\/2432","targetHints":{"allow":["GET"]}}],"collection":[{"href":"https:\/\/www.lisac-lisac.si\/knjigarna\/wp-json\/wp\/v2\/product"}],"about":[{"href":"https:\/\/www.lisac-lisac.si\/knjigarna\/wp-json\/wp\/v2\/types\/product"}],"replies":[{"embeddable":true,"href":"https:\/\/www.lisac-lisac.si\/knjigarna\/wp-json\/wp\/v2\/comments?post=2432"}],"wp:featuredmedia":[{"embeddable":true,"href":"https:\/\/www.lisac-lisac.si\/knjigarna\/wp-json\/wp\/v2\/media\/2434"}],"wp:attachment":[{"href":"https:\/\/www.lisac-lisac.si\/knjigarna\/wp-json\/wp\/v2\/media?parent=2432"}],"wp:term":[{"taxonomy":"product_cat","embeddable":true,"href":"https:\/\/www.lisac-lisac.si\/knjigarna\/wp-json\/wp\/v2\/product_cat?post=2432"},{"taxonomy":"product_tag","embeddable":true,"href":"https:\/\/www.lisac-lisac.si\/knjigarna\/wp-json\/wp\/v2\/product_tag?post=2432"}],"curies":[{"name":"wp","href":"https:\/\/api.w.org\/{rel}","templated":true}]}}